ds digit of 1622588918?
9
What is the millions digit of 2577591120?
7
What is the ten millions digit of 505357198?
0
What is the hundreds digit of 964923099?
0
What is the hundreds digit of 131495387?
3
What is the ten thousands digit of 100186902?
8
What is the hundreds digit of 46701876?
8
What is the millions digit of 323081252?
3
What is the thousands digit of 1429148496?
8
What is the hundred millions digit of 183232593?
1
What is the hundreds digit of 14187285?
2
What is the hundred thousands digit of 34824791?
8
What is the ten millions digit of 3598247762?
9
What is the units digit of 3365084501?
1
What is the units digit of 13658419?
9
What is the ten thousands digit of 56549505?
4
What is the tens digit of 428895443?
4
What is the ten millions digit of 2856175898?
5
What is the hundred thousands digit of 8415805?
4
What is the hundred millions digit of 318053241?
3
What is the tens digit of 370382307?
0
What is the ten thousands digit of 9702956?
0
What is the ten millions digit of 257315888?
5
What is the hundred thousands digit of 99118689?
1
What is the millions digit of 1693816010?
3
What is the ten thousands digit of 47641554?
4
What is the ten millions digit of 41429650?
4
What is the tens digit of 194350659?
5
What is the units digit of 7302395677?
7
What is the hundreds digit of 52299919?
9
What is the tens digit of 113454867?
6
What is the hundreds digit of 304391656?
6
What is the ten millions digit of 75264991?
7
What is the units digit of 974263515?
5
What is the hundreds digit of 459321671?
6
What is the thousands digit of 65150028?
0
What is the ten millions digit of 421004389?
2
What is the thousands digit of 915983929?
3
What is the ten millions digit of 719437204?
1
What is the units digit of 547125716?
6
What is the hundred millions digit of 683545630?
6
What is the millions digit of 125472173?
5
What is the ten thousands digit of 159883553?
8
What is the millions digit of 168556687?
8
What is the hundreds digit of 98151310?
3
What is the units digit of 29045715?
5
What is the thousands digit of 402785586?
5
What is the hundreds digit of 75106807?
8
What is the ten millions digit of 88343413?
8
What is the hundred millions digit of 2827268573?
8
What is the hundred thousands digit of 31845700?
8
What is the hundred millions digit of 446420754?
4
What is the ten thousands digit of 252371766?
7
What is the units digit of 5130129319?
9
What is the units digit of 356546108?
8
What is the tens digit of 116882333?
3
What is the hundreds digit of 260510051?
0
What is the ten millions digit of 75410752?
7
What is the hundred millions digit of 202211684?
2
What is the hundreds digit of 28844365?
3
What is the hundreds digit of 682578490?
4
What is the tens digit of 5470456291?
9
What is the hundreds digit of 1460176122?
1
What is the hundred millions digit of 3975916017?
9
What is the hundred thousands digit of 210556372?
5
What is the millions digit of 136704169?
6
What is the millions digit of 334318936?
4
What is the units digit of 35759690?
0
What is the hundred millions digit of 1516584528?
5
What is the ten thousands digit of 25445763?
4
What is the hundreds digit of 64415133?
1
What is the units digit of 124787962?
2
What is the ten millions digit of 74457770?
7
What is the thousands digit of 136887919?
7
What is the ten millions digit of 3921214986?
2
What is the tens digit of 108309633?
3
What is the units digit of 5596749298?
8
What is the ten millions digit of 376171367?
7
What is the hundreds digit of 184276172?
1
What is the hundreds digit of 42271413?
4
What is the ten thousands digit of 523508744?
0
What is the millions digit of 153721470?
3
What is the ten millions digit of 443525805?
4
What is the ten millions digit of 242364935?
4
What is the hundreds digit of 130984340?
3
What is the units digit of 2238187518?
8
What is the thousands digit of 3406263102?
3
What is the millions digit of 705210014?
5
What is the hundreds digit of 106998517?
5
What is the hundreds digit of 152987994?
9
What is the ten thousands digit of 5903024?
0
What is the hundreds digit of 604767974?
9
What is the hundred millions digit of 201846804?
2
What is the millions digit of 370065858?
0
What is the hundred thousands digit of 14737038?
7
What is the tens digit of 29982823?
2
What is the hundred thousands digit of 18301319?
3
What is the ten thousands digit of 1715512219?
1
What is the ten millions digit of 1032921097?
3
What is the units digit of 41202954?
4
What is the hundreds digit of 11843151?
1
What is the ten millions digit of 99512958?
9
What is the millions digit of 12476601?
2
What is the thousands digit of 4848510753?
0
What is the hundred millions digit of 416976371?
4
What is the millions digit of 7084456233?
4
What is the hundreds digit of 196736240?
2
What is the ten millions digit of 256420777?
5
What is the hundreds digit of 76130999?
9
What is the tens digit of 167031929?
2
What is the hundred thousands digit of 297060722?
0
What is the millions digit of 44668509?
4
What is the hundred millions digit of 100174439?
1
What is the units digit of 267888105?
5
What is the ten millions digit of 73165570?
7
What is the hundred thousands digit of 1775178038?
1
What is the millions digit of 2063209849?
3
What is the units digit of 3484716521?
1
What is the hundred thousands digit of 190310572?
3
What is the hundreds digit of 120428422?
4
What is the hundred thousands digit of 58869869?
8
What is the tens digit of 2072971556?
5
What is the hundreds digit of 606963689?
6
What is the ten thousands digit of 53144957?
4
What is the hundred thousands digit of 152309494?
3
What is the tens digit of 458096438?
3
What is the hundred thousands digit of 117483077?
4
What is the hundred millions digit of 649564513?
6
What is the ten millions digit of 999972765?
9
What is the units digit of 144930718?
8
What is the thousands digit of 210528895?
8
What is the ten thousands digit of 45115769?
1
What is the tens digit of 90750178?
7
What is the hundreds digit of 734911097?
0
What is the units digit of 14788035?
5
What is the thousands digit of 35155123?
5
What is the hundreds digit of 12379644?
6
What is the tens digit of 106978678?
7
What is the hundreds digit of 28727508?
5
What is the hundred thousands digit of 4562090609?
0
What is the ten thousands digit of 1915596927?
9
What is the units digit of 151044749?
9
What is the hundred thousands digit of 1137828774?
8
What is the ten thousands digit of 272452692?
5
What is the hundred thousands digit of 315682346?
6
What is the hundreds digit of 95405193?
1
What is the units digit of 1671727284?
4
What is the tens digit of 712956421?
2
What is the hundred thousands digit of 43470659?
4
What is the thousands digit of 18432099?
2
What is the ten millions digit of 684100471?
8
What is the units digit of 92436550?
0
What is the ten thousands digit of 6707396919?
9
What is the tens digit of 23421458?
5
What is the ten thousands digit of 2594328?
9
What is the millions digit of 201895542?
1
What is the thousands digit of 43207228?
7
What is the thousands digit of 42426643?
6
What is the hundred thousands digit of 771332348?
3
What is the thousands digit of 62271817?
1
What is the hundred millions digit of 515865742?
5
What is the ten thousands digit of 1890535007?
3
What is the ten millions digit of 512208555?
1
What is the hundred thousands digit of 628153306?
1
What is the thousands digit of 9499029?
9
What is the thousands digit of 6563883?
3
What is the ten millions digit of 4270199676?
7
What is the tens digit of 714340748?
4
What is the thousands digit of 17530641?
0
What is the hundred millions digit of 542431341?
5
What is the ten millions digit of 33331500?
3
What is the thousands digit of 32926220?
6
What is the ten millions digit of 55446811?
5
What is the ten millions digit of 353246751?
5
What is the millions digit of 71886225?
1
What is the tens digit of 13943279?
7
What is the units digit of 407196?
6
What is the hundred millions digit of 111274349?
1
What is the millions digit of 12592040?
2
What is the millions digit of 450346962?
0
What is the hundred thousands digit of 2142875042?
8
What is the tens digit of 134644201?
0
What is the units digit of 3696035254?
4
What is the